e remainder when 482648 is divided by 25?
23
Calculate the remainder when 7401 is divided by 63.
30
What is the remainder when 1543242 is divided by 504?
498
Calculate the remainder when 35569 is divided by 278.
263
What is the remainder when 696115 is divided by 119?
84
Calculate the remainder when 16224 is divided by 20.
4
What is the remainder when 31208 is divided by 343?
338
Calculate the remainder when 47940 is divided by 15.
0
What is the remainder when 29879 is divided by 60?
59
Calculate the remainder when 64600 is divided by 97.
95
Calculate the remainder when 1242 is divided by 830.
412
What is the remainder when 132996 is divided by 56?
52
What is the remainder when 1863 is divided by 322?
253
What is the remainder when 27409 is divided by 137?
9
Calculate the remainder when 25504 is divided by 8481.
61
What is the remainder when 101289 is divided by 6325?
89
What is the remainder when 102174 is divided by 102166?
8
Calculate the remainder when 8433 is divided by 104.
9
What is the remainder when 786233 is divided by 240?
233
What is the remainder when 494759 is divided by 136?
127
Calculate the remainder when 7464 is divided by 2423.
195
What is the remainder when 7867 is divided by 193?
147
Calculate the remainder when 34562 is divided by 41.
40
What is the remainder when 55512 is divided by 100?
12
Calculate the remainder when 240474 is divided by 2796.
18
Calculate the remainder when 2549 is divided by 1034.
481
What is the remainder when 628 is divided by 122?
18
What is the remainder when 91877 is divided by 5740?
37
What is the remainder when 4780 is divided by 130?
100
Calculate the remainder when 4078 is divided by 405.
28
What is the remainder when 1919 is divided by 273?
8
What is the remainder when 2827 is divided by 14?
13
Calculate the remainder when 128049 is divided by 93.
81
Calculate the remainder when 3369 is divided by 1505.
359
What is the remainder when 12895 is divided by 859?
10
What is the remainder when 2489 is divided by 725?
314
Calculate the remainder when 4596 is divided by 571.
28
What is the remainder when 17639 is divided by 36?
35
What is the remainder when 75679 is divided by 8?
7
Calculate the remainder when 14429 is divided by 1109.
12
Calculate the remainder when 116119 is divided by 4838.
7
What is the remainder when 5486 is divided by 371?
292
Calculate the remainder when 6239 is divided by 236.
103
What is the remainder when 160093 is divided by 209?
208
What is the remainder when 258 is divided by 39?
24
Calculate the remainder when 45143 is divided by 54.
53
Calculate the remainder when 205816 is divided by 1004.
1000
Calculate the remainder when 9864 is divided by 47.
41
What is the remainder when 359800 is divided by 44?
12
What is the remainder when 115785 is divided by 115783?
2
Calculate the remainder when 3139 is divided by 766.
75
What is the remainder when 69925 is divided by 11620?
205
What is the remainder when 14698 is divided by 3673?
6
What is the remainder when 5546 is divided by 396?
2
What is the remainder when 5815 is divided by 297?
172
What is the remainder when 610557 is divided by 212?
209
Calculate the remainder when 6782 is divided by 29.
25
What is the remainder when 7660 is divided by 278?
154
What is the remainder when 58329 is divided by 4482?
63
Calculate the remainder when 572730 is divided by 1003.
17
What is the remainder when 22887 is divided by 914?
37
Calculate the remainder when 42856 is divided by 3570.
16
What is the remainder when 9389 is divided by 294?
275
Calculate the remainder when 3186 is divided by 88.
18
Calculate the remainder when 104167 is divided by 30.
7
Calculate the remainder when 27463 is divided by 1146.
1105
What is the remainder when 142651 is divided by 797?
785
What is the remainder when 170007 is divided by 56662?
21
What is the remainder when 40594 is divided by 394?
12
What is the remainder when 2542422 is divided by 84?
78
Calculate the remainder when 602 is divided by 259.
84
Calculate the remainder when 8059 is divided by 2641.
136
Calculate the remainder when 1980391 is divided by 1081.
1080
What is the remainder when 1153 is divided by 22?
9
Calculate the remainder when 4498 is divided by 300.
298
Calculate the remainder when 52167 is divided by 1409.
34
Calculate the remainder when 516261 is divided by 250.
11
What is the remainder when 115349 is divided by 1214?
19
What is the remainder when 79677 is divided by 15?
12
What is the remainder when 160303 is divided by 43?
42
Calculate the remainder when 2553 is divided by 103.
81
What is the remainder when 24231 is divided by 658?
543
Calculate the remainder when 1046 is divided by 63.
38
What is the remainder when 26105 is divided by 118?
27
Calculate the remainder when 477743 is divided by 42.
35
What is the remainder when 1135 is divided by 567?
1
What is the remainder when 119034 is divided by 240?
234
Calculate the remainder when 10449 is divided by 11.
10
Calculate the remainder when 6484 is divided by 500.
484
Calculate the remainder when 5304 is divided by 97.
66
What is the remainder when 8351 is divided by 4172?
7
Calculate the remainder when 38491 is divided by 329.
327
Calculate the remainder when 15247 is divided by 41.
36
What is the remainder when 1538 is divided by 741?
56
Calculate the remainder when 9637 is divided by 963.
7
What is the remainder when 10283 is divided by 2531?
159
What is the remainder when 1675 is divided by 112?
107
Calculate the remainder when 17255073 is divided by 1132.
1129
What is the remainder when 108313 is divided by 13?
10
Calculate the remainder when 27581 is divided by 1313.
8
What is the remainder when 559630 is divided by 6?
4
What is the remainder when 32757 is divided by 91?
88
What is the remainder when 29181 is divided by 2651?
20
Calculate the remainder when 73697 is divided by 54.
41
What is the remainder when 4274 is divided by 1409?
47
What is the remainder when 7193 is divided by 14?
11
What is the remainder when 9209 is divided by 2925?
434
What is the remainder when 813 is divided by 38?
15
Calculate the remainder when 264 is divided by 68.
60
What is the remainder when 686 is divided by 599?
87
Calculate the remainder when 161830 is divided by 161795.
35
Calculate the remainder when 33681 is divided by 10916.
933
Calculate the remainder when 5541 is divided by 426.
3
Calculate the remainder when 1002274 is divided by 42.
28
Calculate the remainder when 12524 is divided by 3122.
36
What is the remainder when 811837 is divided by 101?
100
What is the remainder when 8945 is divided by 14?
13
Calculate the remainder when 52614 is divided by 223.
209
What is the remainder when 29050 is divided by 4841?
4
What is the remainder when 1960 is divided by 292?
208
What is the remainder when 107568 is divided by 3709?
7
Calculate the remainder when 995 is divided by 202.
187
What is the remainder when 729 is divided by 625?
104
What is the remainder when 20767 is divided by 693?
670
What is the remainder when 8753 is divided by 359?
137
Calculate the remainder when 4986 is divided by 555.
546
Calculate the remainder when 34152 is divided by 34143.
9
What is the remainder when 30184 is divided by 10059?
7
What is the remainder when 113902 is divided by 56?
54
What is the remainder when 12522 is divided by 312?
42
Calculate the remainder when 4258 is divided by 36.
10
Calculate the remainder when 10582 is divided by 465.
352
What is the remainder when 115647 is divided by 154?
147
Calculate the remainder when 74104 is divided by 74078.
26
Calculate the remainder when 1027748 is divided by 12.
8
Calculate the remainder when 140302 is divided by 111.
109
Calculate the remainder when 3468 is divided by 3335.
133
Calculate the remainder when 8569 is divided by 12.
1
What is the remainder when 29827 is divided by 356?
279
Calculate the remainder when 1126 is divided by 104.
86
Calculate the remainder when 1927 is divided by 663.
601
Calculate the remainder when 9171 is divided by 15.
6
What is the remainder when 17099 is divided by 19?
18
Calculate the remainder when 55565 is divided by 5.
0
Calculate the remainder when 19655 is divided by 14.
13
What is the remainder when 2538 is divided by 162?
108
Calculate the remainder whe